{"id":15360,"date":"2024-06-02T17:15:40","date_gmt":"2024-06-02T15:15:40","guid":{"rendered":"https:\/\/pruchnik.przemyska.pl\/?page_id=15360"},"modified":"2024-06-02T17:15:41","modified_gmt":"2024-06-02T15:15:41","slug":"modlitwa-o-beatyfikacje-slugi-bozego-ks-wlodzimierza-szembeka","status":"publish","type":"page","link":"https:\/\/pruchnik.przemyska.pl\/index.php\/modlitwa-o-beatyfikacje-slugi-bozego-ks-wlodzimierza-szembeka\/","title":{"rendered":"Modlitwa o beatyfikacje S\u0142ugi Bo\u017cego ks. W\u0142odzimierza Szembeka"},"content":{"rendered":"\n<figure class=\"wp-block-gallery has-nested-images columns-default is-cropped wp-block-gallery-1 is-layout-flex wp-block-gallery-is-layout-flex\">\n<figure class=\"wp-block-image size-large\"><a href=\"https:\/\/pruchnik.przemyska.pl\/wp-content\/uploads\/001-1.jpg\"><img loading=\"lazy\" decoding=\"async\" width=\"1000\" height=\"751\" data-id=\"15367\" src=\"https:\/\/pruchnik.przemyska.pl\/wp-content\/uploads\/001-1.jpg\" alt=\"\" class=\"wp-image-15367\" srcset=\"https:\/\/pruchnik.przemyska.pl\/wp-content\/uploads\/001-1.jpg 1000w, https:\/\/pruchnik.przemyska.pl\/wp-content\/uploads\/001-1-300x225.jpg 300w, https:\/\/pruchnik.przemyska.pl\/wp-content\/uploads\/001-1-768x577.jpg 768w, https:\/\/pruchnik.przemyska.pl\/wp-content\/uploads\/001-1-750x563.jpg 750w\" sizes=\"auto, (max-width: 1000px) 100vw, 1000px\" \/><\/a><\/figure>\n\n\n\n<figure class=\"wp-block-image size-large\"><a href=\"https:\/\/pruchnik.przemyska.pl\/wp-content\/uploads\/002-2.jpg\"><img loading=\"lazy\" decoding=\"async\" width=\"1000\" height=\"751\" data-id=\"15365\" src=\"https:\/\/pruchnik.przemyska.pl\/wp-content\/uploads\/002-2.jpg\" alt=\"\" class=\"wp-image-15365\" srcset=\"https:\/\/pruchnik.przemyska.pl\/wp-content\/uploads\/002-2.jpg 1000w, https:\/\/pruchnik.przemyska.pl\/wp-content\/uploads\/002-2-300x225.jpg 300w, https:\/\/pruchnik.przemyska.pl\/wp-content\/uploads\/002-2-768x577.jpg 768w, https:\/\/pruchnik.przemyska.pl\/wp-content\/uploads\/002-2-750x563.jpg 750w\" sizes=\"auto, (max-width: 1000px) 100vw, 1000px\" \/><\/a><\/figure>\n\n\n\n<figure class=\"wp-block-image size-large\"><a href=\"https:\/\/pruchnik.przemyska.pl\/wp-content\/uploads\/003-1.jpg\"><img loading=\"lazy\" decoding=\"async\" width=\"1000\" height=\"751\" data-id=\"15361\" src=\"https:\/\/pruchnik.przemyska.pl\/wp-content\/uploads\/003-1.jpg\" alt=\"\" class=\"wp-image-15361\" srcset=\"https:\/\/pruchnik.przemyska.pl\/wp-content\/uploads\/003-1.jpg 1000w, https:\/\/pruchnik.przemyska.pl\/wp-content\/uploads\/003-1-300x225.jpg 300w, https:\/\/pruchnik.przemyska.pl\/wp-content\/uploads\/003-1-768x577.jpg 768w, https:\/\/pruchnik.przemyska.pl\/wp-content\/uploads\/003-1-750x563.jpg 750w\" sizes=\"auto, (max-width: 1000px) 100vw, 1000px\" \/><\/a><\/figure>\n\n\n\n<figure class=\"wp-block-image size-large\"><a href=\"https:\/\/pruchnik.przemyska.pl\/wp-content\/uploads\/004-2.jpg\"><img loading=\"lazy\" decoding=\"async\" width=\"1000\" height=\"751\" data-id=\"15363\" src=\"https:\/\/pruchnik.przemyska.pl\/wp-content\/uploads\/004-2.jpg\" alt=\"\" class=\"wp-image-15363\" srcset=\"https:\/\/pruchnik.przemyska.pl\/wp-content\/uploads\/004-2.jpg 1000w, https:\/\/pruchnik.przemyska.pl\/wp-content\/uploads\/004-2-300x225.jpg 300w, https:\/\/pruchnik.przemyska.pl\/wp-content\/uploads\/004-2-768x577.jpg 768w, https:\/\/pruchnik.przemyska.pl\/wp-content\/uploads\/004-2-750x563.jpg 750w\" sizes=\"auto, (max-width: 1000px) 100vw, 1000px\" \/><\/a><\/figure>\n\n\n\n<figure class=\"wp-block-image size-large\"><a href=\"https:\/\/pruchnik.przemyska.pl\/wp-content\/uploads\/005-2.jpg\"><img loading=\"lazy\" decoding=\"async\" width=\"683\" height=\"1024\" data-id=\"15362\" src=\"https:\/\/pruchnik.przemyska.pl\/wp-content\/uploads\/005-2-683x1024.jpg\" alt=\"\" class=\"wp-image-15362\" srcset=\"https:\/\/pruchnik.przemyska.pl\/wp-content\/uploads\/005-2-683x1024.jpg 683w, https:\/\/pruchnik.przemyska.pl\/wp-content\/uploads\/005-2-200x300.jpg 200w, https:\/\/pruchnik.przemyska.pl\/wp-content\/uploads\/005-2-768x1152.jpg 768w, https:\/\/pruchnik.przemyska.pl\/wp-content\/uploads\/005-2-750x1125.jpg 750w, https:\/\/pruchnik.przemyska.pl\/wp-content\/uploads\/005-2.jpg 1000w\" sizes=\"auto, (max-width: 683px) 100vw, 683px\" \/><\/a><\/figure>\n\n\n\n<figure class=\"wp-block-image size-large\"><a href=\"https:\/\/pruchnik.przemyska.pl\/wp-content\/uploads\/006-2.jpg\"><img loading=\"lazy\" decoding=\"async\" width=\"683\" height=\"1024\" data-id=\"15364\" src=\"https:\/\/pruchnik.przemyska.pl\/wp-content\/uploads\/006-2-683x1024.jpg\" alt=\"\" class=\"wp-image-15364\" srcset=\"https:\/\/pruchnik.przemyska.pl\/wp-content\/uploads\/006-2-683x1024.jpg 683w, https:\/\/pruchnik.przemyska.pl\/wp-content\/uploads\/006-2-200x300.jpg 200w, https:\/\/pruchnik.przemyska.pl\/wp-content\/uploads\/006-2-768x1152.jpg 768w, https:\/\/pruchnik.przemyska.pl\/wp-content\/uploads\/006-2-750x1125.jpg 750w, https:\/\/pruchnik.przemyska.pl\/wp-content\/uploads\/006-2.jpg 1000w\" sizes=\"auto, (max-width: 683px) 100vw, 683px\" \/><\/a><\/figure>\n\n\n\n<figure class=\"wp-block-image size-large\"><a href=\"https:\/\/pruchnik.przemyska.pl\/wp-content\/uploads\/007-2.jpg\"><img loading=\"lazy\" decoding=\"async\" width=\"683\" height=\"1024\" data-id=\"15366\" src=\"https:\/\/pruchnik.przemyska.pl\/wp-content\/uploads\/007-2-683x1024.jpg\" alt=\"\" class=\"wp-image-15366\" srcset=\"https:\/\/pruchnik.przemyska.pl\/wp-content\/uploads\/007-2-683x1024.jpg 683w, https:\/\/pruchnik.przemyska.pl\/wp-content\/uploads\/007-2-200x300.jpg 200w, https:\/\/pruchnik.przemyska.pl\/wp-content\/uploads\/007-2-768x1152.jpg 768w, https:\/\/pruchnik.przemyska.pl\/wp-content\/uploads\/007-2-750x1125.jpg 750w, https:\/\/pruchnik.przemyska.pl\/wp-content\/uploads\/007-2.jpg 1000w\" sizes=\"auto, (max-width: 683px) 100vw, 683px\" \/><\/a><\/figure>\n\n\n\n<figure class=\"wp-block-image size-large\"><a href=\"https:\/\/pruchnik.przemyska.pl\/wp-content\/uploads\/008-2.jpg\"><img loading=\"lazy\" decoding=\"async\" width=\"769\" height=\"1024\" data-id=\"15369\" src=\"https:\/\/pruchnik.przemyska.pl\/wp-content\/uploads\/008-2-769x1024.jpg\" alt=\"\" class=\"wp-image-15369\" srcset=\"https:\/\/pruchnik.przemyska.pl\/wp-content\/uploads\/008-2-769x1024.jpg 769w, https:\/\/pruchnik.przemyska.pl\/wp-content\/uploads\/008-2-225x300.jpg 225w, https:\/\/pruchnik.przemyska.pl\/wp-content\/uploads\/008-2-768x1023.jpg 768w, https:\/\/pruchnik.przemyska.pl\/wp-content\/uploads\/008-2-750x999.jpg 750w, https:\/\/pruchnik.przemyska.pl\/wp-content\/uploads\/008-2.jpg 1000w\" sizes=\"auto, (max-width: 769px) 100vw, 769px\" \/><\/a><\/figure>\n\n\n\n<figure class=\"wp-block-image size-large\"><a href=\"https:\/\/pruchnik.przemyska.pl\/wp-content\/uploads\/009-1.jpg\"><img loading=\"lazy\" decoding=\"async\" width=\"1000\" height=\"751\" data-id=\"15368\" src=\"https:\/\/pruchnik.przemyska.pl\/wp-content\/uploads\/009-1.jpg\" alt=\"\" class=\"wp-image-15368\" srcset=\"https:\/\/pruchnik.przemyska.pl\/wp-content\/uploads\/009-1.jpg 1000w, https:\/\/pruchnik.przemyska.pl\/wp-content\/uploads\/009-1-300x225.jpg 300w, https:\/\/pruchnik.przemyska.pl\/wp-content\/uploads\/009-1-768x577.jpg 768w, https:\/\/pruchnik.przemyska.pl\/wp-content\/uploads\/009-1-750x563.jpg 750w\" sizes=\"auto, (max-width: 1000px) 100vw, 1000px\" \/><\/a><\/figure>\n\n\n\n<figure class=\"wp-block-image size-large\"><a href=\"https:\/\/pruchnik.przemyska.pl\/wp-content\/uploads\/010-1.jpg\"><img loading=\"lazy\" decoding=\"async\" width=\"1000\" height=\"751\" data-id=\"15371\" src=\"https:\/\/pruchnik.przemyska.pl\/wp-content\/uploads\/010-1.jpg\" alt=\"\" class=\"wp-image-15371\" srcset=\"https:\/\/pruchnik.przemyska.pl\/wp-content\/uploads\/010-1.jpg 1000w, https:\/\/pruchnik.przemyska.pl\/wp-content\/uploads\/010-1-300x225.jpg 300w, https:\/\/pruchnik.przemyska.pl\/wp-content\/uploads\/010-1-768x577.jpg 768w, https:\/\/pruchnik.przemyska.pl\/wp-content\/uploads\/010-1-750x563.jpg 750w\" sizes=\"auto, (max-width: 1000px) 100vw, 1000px\" \/><\/a><\/figure>\n\n\n\n<figure class=\"wp-block-image size-large\"><a href=\"https:\/\/pruchnik.przemyska.pl\/wp-content\/uploads\/011-1.jpg\"><img loading=\"lazy\" decoding=\"async\" width=\"1000\" height=\"751\" data-id=\"15370\" src=\"https:\/\/pruchnik.przemyska.pl\/wp-content\/uploads\/011-1.jpg\" alt=\"\" class=\"wp-image-15370\" srcset=\"https:\/\/pruchnik.przemyska.pl\/wp-content\/uploads\/011-1.jpg 1000w, https:\/\/pruchnik.przemyska.pl\/wp-content\/uploads\/011-1-300x225.jpg 300w, https:\/\/pruchnik.przemyska.pl\/wp-content\/uploads\/011-1-768x577.jpg 768w, https:\/\/pruchnik.przemyska.pl\/wp-content\/uploads\/011-1-750x563.jpg 750w\" sizes=\"auto, (max-width: 1000px) 100vw, 1000px\" \/><\/a><\/figure>\n\n\n\n<figure class=\"wp-block-image size-large\"><a href=\"https:\/\/pruchnik.przemyska.pl\/wp-content\/uploads\/013.jpg\"><img loading=\"lazy\" decoding=\"async\" width=\"1000\" height=\"751\" data-id=\"15373\" src=\"https:\/\/pruchnik.przemyska.pl\/wp-content\/uploads\/013.jpg\" alt=\"\" class=\"wp-image-15373\" srcset=\"https:\/\/pruchnik.przemyska.pl\/wp-content\/uploads\/013.jpg 1000w, https:\/\/pruchnik.przemyska.pl\/wp-content\/uploads\/013-300x225.jpg 300w, https:\/\/pruchnik.przemyska.pl\/wp-content\/uploads\/013-768x577.jpg 768w, https:\/\/pruchnik.przemyska.pl\/wp-content\/uploads\/013-750x563.jpg 750w\" sizes=\"auto, (max-width: 1000px) 100vw, 1000px\" \/><\/a><\/figure>\n\n\n\n<figure class=\"wp-block-image size-large\"><a href=\"https:\/\/pruchnik.przemyska.pl\/wp-content\/uploads\/015-2.jpg\"><img loading=\"lazy\" decoding=\"async\" width=\"1000\" height=\"751\" data-id=\"15372\" src=\"https:\/\/pruchnik.przemyska.pl\/wp-content\/uploads\/015-2.jpg\" alt=\"\" class=\"wp-image-15372\" srcset=\"https:\/\/pruchnik.przemyska.pl\/wp-content\/uploads\/015-2.jpg 1000w, https:\/\/pruchnik.przemyska.pl\/wp-content\/uploads\/015-2-300x225.jpg 300w, https:\/\/pruchnik.przemyska.pl\/wp-content\/uploads\/015-2-768x577.jpg 768w, https:\/\/pruchnik.przemyska.pl\/wp-content\/uploads\/015-2-750x563.jpg 750w\" sizes=\"auto, (max-width: 1000px) 100vw, 1000px\" \/><\/a><\/figure>\n\n\n\n<figure class=\"wp-block-image size-large\"><a href=\"https:\/\/pruchnik.przemyska.pl\/wp-content\/uploads\/016-1.jpg\"><img loading=\"lazy\" decoding=\"async\" width=\"1000\" height=\"751\" data-id=\"15374\" src=\"https:\/\/pruchnik.przemyska.pl\/wp-content\/uploads\/016-1.jpg\" alt=\"\" class=\"wp-image-15374\" srcset=\"https:\/\/pruchnik.przemyska.pl\/wp-content\/uploads\/016-1.jpg 1000w, https:\/\/pruchnik.przemyska.pl\/wp-content\/uploads\/016-1-300x225.jpg 300w, https:\/\/pruchnik.przemyska.pl\/wp-content\/uploads\/016-1-768x577.jpg 768w, https:\/\/pruchnik.przemyska.pl\/wp-content\/uploads\/016-1-750x563.jpg 750w\" sizes=\"auto, (max-width: 1000px) 100vw, 1000px\" \/><\/a><\/figure>\n\n\n\n<figure class=\"wp-block-image size-large\"><a href=\"https:\/\/pruchnik.przemyska.pl\/wp-content\/uploads\/017-1.jpg\"><img loading=\"lazy\" decoding=\"async\" width=\"1000\" height=\"751\" data-id=\"15376\" src=\"https:\/\/pruchnik.przemyska.pl\/wp-content\/uploads\/017-1.jpg\" alt=\"\" class=\"wp-image-15376\" srcset=\"https:\/\/pruchnik.przemyska.pl\/wp-content\/uploads\/017-1.jpg 1000w, https:\/\/pruchnik.przemyska.pl\/wp-content\/uploads\/017-1-300x225.jpg 300w, https:\/\/pruchnik.przemyska.pl\/wp-content\/uploads\/017-1-768x577.jpg 768w, https:\/\/pruchnik.przemyska.pl\/wp-content\/uploads\/017-1-750x563.jpg 750w\" sizes=\"auto, (max-width: 1000px) 100vw, 1000px\" \/><\/a><\/figure>\n\n\n\n<figure class=\"wp-block-image size-large\"><a href=\"https:\/\/pruchnik.przemyska.pl\/wp-content\/uploads\/018-1.jpg\"><img loading=\"lazy\" decoding=\"async\" width=\"1000\" height=\"751\" data-id=\"15375\" src=\"https:\/\/pruchnik.przemyska.pl\/wp-content\/uploads\/018-1.jpg\" alt=\"\" class=\"wp-image-15375\" srcset=\"https:\/\/pruchnik.przemyska.pl\/wp-content\/uploads\/018-1.jpg 1000w, https:\/\/pruchnik.przemyska.pl\/wp-content\/uploads\/018-1-300x225.jpg 300w, https:\/\/pruchnik.przemyska.pl\/wp-content\/uploads\/018-1-768x577.jpg 768w, https:\/\/pruchnik.przemyska.pl\/wp-content\/uploads\/018-1-750x563.jpg 750w\" sizes=\"auto, (max-width: 1000px) 100vw, 1000px\" \/><\/a><\/figure>\n\n\n\n<figure class=\"wp-block-image size-large\"><a href=\"https:\/\/pruchnik.przemyska.pl\/wp-content\/uploads\/019.jpg\"><img loading=\"lazy\" decoding=\"async\" width=\"1000\" height=\"751\" data-id=\"15379\" src=\"https:\/\/pruchnik.przemyska.pl\/wp-content\/uploads\/019.jpg\" alt=\"\" class=\"wp-image-15379\" srcset=\"https:\/\/pruchnik.przemyska.pl\/wp-content\/uploads\/019.jpg 1000w, https:\/\/pruchnik.przemyska.pl\/wp-content\/uploads\/019-300x225.jpg 300w, https:\/\/pruchnik.przemyska.pl\/wp-content\/uploads\/019-768x577.jpg 768w, https:\/\/pruchnik.przemyska.pl\/wp-content\/uploads\/019-750x563.jpg 750w\" sizes=\"auto, (max-width: 1000px) 100vw, 1000px\" \/><\/a><\/figure>\n\n\n\n<figure class=\"wp-block-image size-large\"><a href=\"https:\/\/pruchnik.przemyska.pl\/wp-content\/uploads\/020.jpg\"><img loading=\"lazy\" decoding=\"async\" width=\"1000\" height=\"751\" data-id=\"15378\" src=\"https:\/\/pruchnik.przemyska.pl\/wp-content\/uploads\/020.jpg\" alt=\"\" class=\"wp-image-15378\" srcset=\"https:\/\/pruchnik.przemyska.pl\/wp-content\/uploads\/020.jpg 1000w, https:\/\/pruchnik.przemyska.pl\/wp-content\/uploads\/020-300x225.jpg 300w, https:\/\/pruchnik.przemyska.pl\/wp-content\/uploads\/020-768x577.jpg 768w, https:\/\/pruchnik.przemyska.pl\/wp-content\/uploads\/020-750x563.jpg 750w\" sizes=\"auto, (max-width: 1000px) 100vw, 1000px\" \/><\/a><\/figure>\n\n\n\n<figure class=\"wp-block-image size-large\"><a href=\"https:\/\/pruchnik.przemyska.pl\/wp-content\/uploads\/021.jpg\"><img loading=\"lazy\" decoding=\"async\" width=\"1000\" height=\"751\" data-id=\"15380\" src=\"https:\/\/pruchnik.przemyska.pl\/wp-content\/uploads\/021.jpg\" alt=\"\" class=\"wp-image-15380\" srcset=\"https:\/\/pruchnik.przemyska.pl\/wp-content\/uploads\/021.jpg 1000w, https:\/\/pruchnik.przemyska.pl\/wp-content\/uploads\/021-300x225.jpg 300w, https:\/\/pruchnik.przemyska.pl\/wp-content\/uploads\/021-768x577.jpg 768w, https:\/\/pruchnik.przemyska.pl\/wp-content\/uploads\/021-750x563.jpg 750w\" sizes=\"auto, (max-width: 1000px) 100vw, 1000px\" \/><\/a><\/figure>\n\n\n\n<figure class=\"wp-block-image size-large\"><a href=\"https:\/\/pruchnik.przemyska.pl\/wp-content\/uploads\/022.jpg\"><img loading=\"lazy\" decoding=\"async\" width=\"1000\" height=\"751\" data-id=\"15377\" src=\"https:\/\/pruchnik.przemyska.pl\/wp-content\/uploads\/022.jpg\" alt=\"\" class=\"wp-image-15377\" srcset=\"https:\/\/pruchnik.przemyska.pl\/wp-content\/uploads\/022.jpg 1000w, https:\/\/pruchnik.przemyska.pl\/wp-content\/uploads\/022-300x225.jpg 300w, https:\/\/pruchnik.przemyska.pl\/wp-content\/uploads\/022-768x577.jpg 768w, https:\/\/pruchnik.przemyska.pl\/wp-content\/uploads\/022-750x563.jpg 750w\" sizes=\"auto, (max-width: 1000px) 100vw, 1000px\" \/><\/a><\/figure>\n\n\n\n<figure class=\"wp-block-image size-large\"><a href=\"https:\/\/pruchnik.przemyska.pl\/wp-content\/uploads\/023.jpg\"><img loading=\"lazy\" decoding=\"async\" width=\"819\" height=\"1024\" data-id=\"15387\" src=\"https:\/\/pruchnik.przemyska.pl\/wp-content\/uploads\/023-819x1024.jpg\" alt=\"\" class=\"wp-image-15387\" srcset=\"https:\/\/pruchnik.przemyska.pl\/wp-content\/uploads\/023-819x1024.jpg 819w, https:\/\/pruchnik.przemyska.pl\/wp-content\/uploads\/023-240x300.jpg 240w, https:\/\/pruchnik.przemyska.pl\/wp-content\/uploads\/023-768x960.jpg 768w, https:\/\/pruchnik.przemyska.pl\/wp-content\/uploads\/023-750x938.jpg 750w, https:\/\/pruchnik.przemyska.pl\/wp-content\/uploads\/023.jpg 1000w\" sizes=\"auto, (max-width: 819px) 100vw, 819px\" \/><\/a><\/figure>\n\n\n\n<figure class=\"wp-block-image size-large\"><a href=\"https:\/\/pruchnik.przemyska.pl\/wp-content\/uploads\/024.jpg\"><img loading=\"lazy\" decoding=\"async\" width=\"1000\" height=\"751\" data-id=\"15381\" src=\"https:\/\/pruchnik.przemyska.pl\/wp-content\/uploads\/024.jpg\" alt=\"\" class=\"wp-image-15381\" srcset=\"https:\/\/pruchnik.przemyska.pl\/wp-content\/uploads\/024.jpg 1000w, https:\/\/pruchnik.przemyska.pl\/wp-content\/uploads\/024-300x225.jpg 300w, https:\/\/pruchnik.przemyska.pl\/wp-content\/uploads\/024-768x577.jpg 768w, https:\/\/pruchnik.przemyska.pl\/wp-content\/uploads\/024-750x563.jpg 750w\" sizes=\"auto, (max-width: 1000px) 100vw, 1000px\" \/><\/a><\/figure>\n\n\n\n<figure class=\"wp-block-image size-large\"><a href=\"https:\/\/pruchnik.przemyska.pl\/wp-content\/uploads\/025.jpg\"><img loading=\"lazy\" decoding=\"async\" width=\"683\" height=\"1024\" data-id=\"15382\" src=\"https:\/\/pruchnik.przemyska.pl\/wp-content\/uploads\/025-683x1024.jpg\" alt=\"\" class=\"wp-image-15382\" srcset=\"https:\/\/pruchnik.przemyska.pl\/wp-content\/uploads\/025-683x1024.jpg 683w, https:\/\/pruchnik.przemyska.pl\/wp-content\/uploads\/025-200x300.jpg 200w, https:\/\/pruchnik.przemyska.pl\/wp-content\/uploads\/025-768x1152.jpg 768w, https:\/\/pruchnik.przemyska.pl\/wp-content\/uploads\/025-750x1125.jpg 750w, https:\/\/pruchnik.przemyska.pl\/wp-content\/uploads\/025.jpg 1000w\" sizes=\"auto, (max-width: 683px) 100vw, 683px\" \/><\/a><\/figure>\n\n\n\n<figure class=\"wp-block-image size-large\"><a href=\"https:\/\/pruchnik.przemyska.pl\/wp-content\/uploads\/026.jpg\"><img loading=\"lazy\" decoding=\"async\" width=\"1000\" height=\"751\" data-id=\"15383\" src=\"https:\/\/pruchnik.przemyska.pl\/wp-content\/uploads\/026.jpg\" alt=\"\" class=\"wp-image-15383\" srcset=\"https:\/\/pruchnik.przemyska.pl\/wp-content\/uploads\/026.jpg 1000w, https:\/\/pruchnik.przemyska.pl\/wp-content\/uploads\/026-300x225.jpg 300w, https:\/\/pruchnik.przemyska.pl\/wp-content\/uploads\/026-768x577.jpg 768w, https:\/\/pruchnik.przemyska.pl\/wp-content\/uploads\/026-750x563.jpg 750w\" sizes=\"auto, (max-width: 1000px) 100vw, 1000px\" \/><\/a><\/figure>\n\n\n\n<figure class=\"wp-block-image size-large\"><a href=\"https:\/\/pruchnik.przemyska.pl\/wp-content\/uploads\/027.jpg\"><img loading=\"lazy\" decoding=\"async\" width=\"683\" height=\"1024\" data-id=\"15384\" src=\"https:\/\/pruchnik.przemyska.pl\/wp-content\/uploads\/027-683x1024.jpg\" alt=\"\" class=\"wp-image-15384\" srcset=\"https:\/\/pruchnik.przemyska.pl\/wp-content\/uploads\/027-683x1024.jpg 683w, https:\/\/pruchnik.przemyska.pl\/wp-content\/uploads\/027-200x300.jpg 200w, https:\/\/pruchnik.przemyska.pl\/wp-content\/uploads\/027-768x1152.jpg 768w, https:\/\/pruchnik.przemyska.pl\/wp-content\/uploads\/027-750x1125.jpg 750w, https:\/\/pruchnik.przemyska.pl\/wp-content\/uploads\/027.jpg 1000w\" sizes=\"auto, (max-width: 683px) 100vw, 683px\" \/><\/a><\/figure>\n\n\n\n<figure class=\"wp-block-image size-large\"><a href=\"https:\/\/pruchnik.przemyska.pl\/wp-content\/uploads\/028.jpg\"><img loading=\"lazy\" decoding=\"async\" width=\"1000\" height=\"751\" data-id=\"15385\" src=\"https:\/\/pruchnik.przemyska.pl\/wp-content\/uploads\/028.jpg\" alt=\"\" class=\"wp-image-15385\" srcset=\"https:\/\/pruchnik.przemyska.pl\/wp-content\/uploads\/028.jpg 1000w, https:\/\/pruchnik.przemyska.pl\/wp-content\/uploads\/028-300x225.jpg 300w, https:\/\/pruchnik.przemyska.pl\/wp-content\/uploads\/028-768x577.jpg 768w, https:\/\/pruchnik.przemyska.pl\/wp-content\/uploads\/028-750x563.jpg 750w\" sizes=\"auto, (max-width: 1000px) 100vw, 1000px\" \/><\/a><\/figure>\n\n\n\n<figure class=\"wp-block-image size-large\"><a href=\"https:\/\/pruchnik.przemyska.pl\/wp-content\/uploads\/029.jpg\"><img loading=\"lazy\" decoding=\"async\" width=\"1000\" height=\"751\" data-id=\"15386\" src=\"https:\/\/pruchnik.przemyska.pl\/wp-content\/uploads\/029.jpg\" alt=\"\" class=\"wp-image-15386\" srcset=\"https:\/\/pruchnik.przemyska.pl\/wp-content\/uploads\/029.jpg 1000w, https:\/\/pruchnik.przemyska.pl\/wp-content\/uploads\/029-300x225.jpg 300w, https:\/\/pruchnik.przemyska.pl\/wp-content\/uploads\/029-768x577.jpg 768w, https:\/\/pruchnik.przemyska.pl\/wp-content\/uploads\/029-750x563.jpg 750w\" sizes=\"auto, (max-width: 1000px) 100vw, 1000px\" \/><\/a><\/figure>\n<\/figure>\n","protected":false},"excerpt":{"rendered":"","protected":false},"author":6,"featured_media":0,"parent":0,"menu_order":0,"comment_status":"closed","ping_status":"closed","template":"","meta":{"ngg_post_thumbnail":0,"footnotes":""},"class_list":["post-15360","page","type-page","status-publish","hentry"],"_links":{"self":[{"href":"https:\/\/pruchnik.przemyska.pl\/index.php\/wp-json\/wp\/v2\/pages\/15360","targetHints":{"allow":["GET"]}}],"collection":[{"href":"https:\/\/pruchnik.przemyska.pl\/index.php\/wp-json\/wp\/v2\/pages"}],"about":[{"href":"https:\/\/pruchnik.przemyska.pl\/index.php\/wp-json\/wp\/v2\/types\/page"}],"author":[{"embeddable":true,"href":"https:\/\/pruchnik.przemyska.pl\/index.php\/wp-json\/wp\/v2\/users\/6"}],"replies":[{"embeddable":true,"href":"https:\/\/pruchnik.przemyska.pl\/index.php\/wp-json\/wp\/v2\/comments?post=15360"}],"version-history":[{"count":1,"href":"https:\/\/pruchnik.przemyska.pl\/index.php\/wp-json\/wp\/v2\/pages\/15360\/revisions"}],"predecessor-version":[{"id":15388,"href":"https:\/\/pruchnik.przemyska.pl\/index.php\/wp-json\/wp\/v2\/pages\/15360\/revisions\/15388"}],"wp:attachment":[{"href":"https:\/\/pruchnik.przemyska.pl\/index.php\/wp-json\/wp\/v2\/media?parent=15360"}],"curies":[{"name":"wp","href":"https:\/\/api.w.org\/{rel}","templated":true}]}}